et b be i(-18). Suppose 32 = 3*d - b. What is the remainder when 41 is divided by d?
13
Suppose 4*y - 13 - 23 = 0. What is the remainder when 25 is divided by y?
7
Let s = -36 - -80. What is the remainder when (0/(-2) - 1) + s is divided by 23?
20
Suppose 0 = 7*n + 96 - 852. What is the remainder when n is divided by 16?
12
Suppose 0*t - 2*t + 8 = 0, -o + t = -101. Suppose -3*u - 135 = -8*u. Calculate the remainder when o is divided by u.
24
Suppose -2*y + 434 = 12*y. What is the remainder when 57 is divided by y?
26
Let p(w) = -3*w. Let g be p(-6). Suppose 58 = -4*c + g. Calculate the remainder when 14 is divided by (-2 + 1)/(2/c).
4
Let z = 3 - 0. What is the remainder when 11 is divided by z?
2
Let m = -29 - -63. Calculate the remainder when m is divided by 9.
7
Let m = 19 + -11. Let s = m + 11. What is the remainder when s is divided by 10?
9
Let t = 229 + -154. Calculate the remainder when t is divided by 19.
18
Let y(u) = -4*u + 1. Let p be y(4). Let r be ((-54)/p)/((-6)/(-20)). Let i = r - 1. What is the remainder when i is divided by 4?
3
Let z = 1 - -13. Let k(w) = -11*w - 10. Let t be k(-9). Let p = -48 + t. Calculate the remainder when p is divided by z.
13
Suppose 2*j = 0, -4*z + 16 = 5*j - j. Suppose k = -k + 22. What is the remainder when k is divided by z?
3
Let y(q) = -q**3 - 6*q**2 + 9. Let z = 5 + -12. What is the remainder when y(z) is divided by 15?
13
Suppose -h + 0*x = -2*x - 35, 15 = -3*x. Let m = -4 + 6. Suppose -d - 41 = -m*s - 2*s, 0 = 3*s - 5*d - 52. What is the remainder when h is divided by s?
7
Let m be 4 - 5 - (-3 - 0). Suppose -122 = -4*n + m*n. What is the remainder when n is divided by 16?
13
Let q(h) = -13*h + 2. Let w be q(-2). Suppose -w = -5*b + 2*t + 20, 4*b - 3*t = 37. What is the remainder when 19 is divided by b?
9
Suppose -3*l - 2*l + 75 = 0. Let h(f) = -f**2 - 14*f - 5. Calculate the remainder when h(-8) is divided by l.
13
Suppose 0 = 3*q - 10 - 89. Calculate the remainder when q is divided by 9.
6
Suppose -6*l = -l - 3*g - 31, l + 7 = 5*g. What is the remainder when 5/5 - -6*5 is divided by l?
7
Let k = 1 + 2. Suppose q + 8 = k*q. What is the remainder when 7 is divided by q?
3
Let h(s) = s**2 + 10*s - 1. Let j(n) = -n**2 - 21*n + 2. Let a be 3/(0 - (-2)/2). Let z(f) = a*j(f) + 5*h(f). What is the remainder when z(9) is divided by 16?
14
Let l(y) = -y**2 + 19*y - 60. What is the remainder when 86 is divided by l(10)?
26
Suppose -3*y = 3*v - 12, -y + 6 = v + v. Suppose 0 = v*k - 5*k + 129. What is the remainder when k is divided by 22?
21
Suppose -3*h - 3*s + 60 = 0, -2*s + 94 = 5*h - 0*s. What is the remainder when 70 is divided by h?
16
Let b(v) = 62*v**2 - 1. Calculate the remainder when b(1) is divided by (-33)/(-2) + 4/(-8).
13
Suppose s - 23 - 21 = -5*f, -3*s = -f - 84. What is the remainder when 143 is divided by s?
27
Let y = 2 - 0. Let j(v) = v**2. Let p = 16 - 6. What is the remainder when p is divided by j(y)?
2
Let r(v) = 6*v**2 + v. Let y(b) = b + 5. Calculate the remainder when y(9) is divided by r(-1).
4
Suppose 0 = 4*f + 16, s - f = -3*f + 102. Let l(v) = -v**2 + v - 3. Let q be l(6). Let b = s + q. What is the remainder when b is divided by 26?
25
Suppose 5*p - 2 = w + 3*w, 4*w = p + 6. Let l be (-5 - -2) + 2 + 2. Suppose -l + 16 = 3*u. Calculate the remainder when u is divided by w.
1
Let f(u) = u**3 + 10*u**2 - u + 6. Calculate the remainder when 62 is divided by f(-10).
14
Let a be 4*(1/4)/((-1)/4). Let z(l) be the first derivative of l**3/3 - 2*l**2 - 3*l + 1. What is the remainder when z(a) is divided by 10?
9
Let z = -16 + 44. Let v = 86 + -56. Suppose -m - 2*m + v = 0. Calculate the remainder when z is divided by m.
8
Calculate the remainder when 33 is divided by -1 + (24/18)/(1/6).
5
Suppose 4*l - 2*l - 6 = -2*p, -39 = -3*p + 3*l. Suppose -p = 4*a - 0. What is the remainder when 36 is divided by 55/3 - a/3?
17
Let f = -52 - -72. What is the remainder when f is divided by 9?
2
Let x = -16 + 4. Let w(d) = -d**2 - 11*d + 14. What is the remainder when 2/8 + 14/8 is divided by w(x)?
0
Let w(s) = -52*s - 1. Let y be w(-1). Suppose -p - 7 - y = 4*i, -359 = 5*p - 3*i. What is the remainder when 21 is divided by 4/12 + p/(-6)?
9
Suppose -2*u = -3*y - 56, -52 = u - 3*u + 5*y. Suppose 5 = 4*c + c, -2*g - 5*c = -37. What is the remainder when u is divided by g?
15
Let g(t) = t**3 - 2*t**2. What is the remainder when 15 is divided by g(3)?
6
Let u = -47 + 81. Let f = 74 - u. Suppose f = 2*o + 3*o. What is the remainder when 29 is divided by o?
5
Suppose 48 = 5*t - 3*t. Calculate the remainder when t is divided by 9/(-6) + 42/4.
6
Let k be (-1 - 0)/((-1)/(-2)). Calculate the remainder when 11 is divided by (-10)/k - (2 - 1).
3
Suppose -5*x = -3*b - 41, 2*b = -4*x + 2*x + 10. Suppose 4*j - 117 = 23. Suppose -x*r = -2*r - j. Calculate the remainder when 20 is divided by r.
6
Suppose 25 = -5*x, -j + x + 13 + 38 = 0. Calculate the remainder when j is divided by 16.
14
Suppose -5*r = 4*u - 62, 0*r + 2*r - 4*u = 36. Suppose s - 95 = -4*y, 0 = -0*y + 5*y + s - 120. Calculate the remainder when y is divided by r.
11
Let t(y) = -28*y**3 - y + 1. Let x = 2 + -1. Let v be t(x). Let w = v - -40. Calculate the remainder when 46 is divided by w.
10
Let f(g) = -g**3 + 3*g**2 + 4*g + 7. What is the remainder when 11 is divided by f(4)?
4
Let v(m) = m + 1. Let z be v(-1). Suppose -5*q = 2*r - 35, 5*r + 18 = -4*q + 46. Suppose z = -2*j + j + q. What is the remainder when j is divided by 4?
3
Suppose 0 = l - 3*s - 6, 5*l - 5*s - 85 = -s. What is the remainder when l is divided by 8/(-14) - 120/(-14)?
5
Let j = -118 - -126. Let b = 7 - 54. Let k = -33 - b. What is the remainder when k is divided by j?
6
Let k(i) = -i**2 - 4*i - 2. Let g be k(-2). Suppose 0 = 3*f + 3, 2*m - m + 5*f - g = 0. Calculate the remainder when 27 is divided by m.
6
Suppose 0*s = 3*s - 63. What is the remainder when 83 is divided by s?
20
Let g(w) be the third derivative of 0*w**4 + w**3 - 1/60*w**5 + w**2 + 0 + 0*w + 1/120*w**6. Calculate the remainder when 11 is divided by g(0).
5
Let r = 2 + 2. Suppose -3*v = -h - 89, -v - r*v + 155 = 5*h. What is the remainder when 33 is divided by 2 - v/(-1 + -2)?
9
Suppose -17 = -3*j + 31. What is the remainder when 45 + (0 - -2) + 0 is divided by j?
15
What is the remainder when -1 + (39 - 3) + 4 is divided by 10?
9
Suppose -4*y = 5*m - 330, 0 = -5*m - 9 - 1. What is the remainder when y is divided by 24?
13
Suppose 2*k - 1 = 17. Calculate the remainder when 15 is divided by k.
6
Suppose 102 + 123 = 5*s - 2*v, -s = 5*v - 72. Calculate the remainder when s is divided by 12.
11
Suppose 0*x = 4*x - 4. Let t = 10 - x. What is the remainder when 52 is divided by t?
7
Suppose 9*p + 79 = 10*p. Calculate the remainder when p is divided by 20.
19
Let u(i) = 21*i**2 - 4*i + 12. Calculate the remainder when u(3) is divided by 38.
37
Suppose 0 = -5*q + 3*z + 35, -2*z = -3*z. Suppose q*r - 3*r - 2*f - 10 = 0, -4*r + 4 = -4*f. Calculate the remainder when 12 is divided by r.
0
Let z be (2/5)/(2/10). Let t = 2 + z. Suppose -4*j + x = -39, -x = 5*j - t*x - 47. Calculate the remainder when j is divided by 6.
4
Suppose 5*y + 6 = 6*y. What is the remainder when y is divided by 4?
2
Let f(y) = -y**2 + 4*y + 5. Let w be f(4). Suppose w*l - 26 = 59. Let j = 16 - -34. Calculate the remainder when j is divided by l.
16
Let k(g) = -g**2 + 7*g + 9. Calculate the remainder when 16 is divided by k(7).
7
Suppose 5*x + 0*u + 3*u - 120 = 0, 0 = x - 3*u - 6. Calculate the remainder when 39 is divided by x.
18
Let r = -2 - -22. Calculate the remainder when 37 is divided by r.
17
Suppose 0 = l + l - 4. Let j be 5 - (1 - l/(-2)). Suppose 0 = j*o + 2*o - 35. Calculate the remainder when 12 is divided by o.
5
Suppose -2*h - 29 = 7. Let u = 35 + h. Calculate the remainder when 31 is divided by u.
14
Let j(k) = -5*k - 13. Let t be j(-11). Let r = -9 + 15. Suppose 3*f - t = -r. Calculate the remainder when 33 is divided by f.
9
Let j(z) = -7*z - 1. Let h be (0 + -2)/(1 - 0). Let l(w) = -2*w + 9. Calculate the remainder when l(-8) is divided by j(h).
12
Suppose 0 = 4*w + 3*s - 34, -4*s = -10 + 2. Suppose -g = -3 - w. Calculate the remainder when 19 is divided by g.
9
Suppose 0 = -3*d + 4*i + 38, d - 2*i - 2 = 14. Let q(b) = -7*b